{"id":181,"date":"2020-07-13T11:48:25","date_gmt":"2020-07-13T11:48:25","guid":{"rendered":"https:\/\/flow.energyflows.ch\/?page_id=181"},"modified":"2021-10-22T12:24:40","modified_gmt":"2021-10-22T12:24:40","slug":"angebot","status":"publish","type":"page","link":"https:\/\/energyflows.ch\/index.php\/angebot\/","title":{"rendered":"Angebot"},"content":{"rendered":"<p><span style=\"color: #ff9900;\"><strong>\u2022 Craniosacral Therapie<br \/>\n( inkl. Babybehandlungen )<br \/>\n<\/strong><\/span><span style=\"color: #ff9900;\"><strong>\u2022 Entspannung \/ PMR<br \/>\n<\/strong><\/span><span style=\"color: #ff9900;\"><strong>\u2022 Gef\u00fchrte Meditationen \/ K\u00f6rperreisen<br \/>\n\u2022 Impulsreferate \/ Kurztexte<br \/>\n<\/strong><\/span><\/p>\n<p><img loading=\"lazy\" decoding=\"async\" class=\"alignnone wp-image-391\" src=\"https:\/\/energyflows.ch\/wp-content\/uploads\/2021\/04\/cranio_siegel_cmyk-300x204.jpg\" alt=\"\" width=\"128\" height=\"87\" srcset=\"https:\/\/energyflows.ch\/wp-content\/uploads\/2021\/04\/cranio_siegel_cmyk-300x204.jpg 300w, https:\/\/energyflows.ch\/wp-content\/uploads\/2021\/04\/cranio_siegel_cmyk-768x523.jpg 768w, https:\/\/energyflows.ch\/wp-content\/uploads\/2021\/04\/cranio_siegel_cmyk.jpg 1011w\" sizes=\"(max-width: 128px) 100vw, 128px\" \/><\/p>\n<p><strong>Craniosacral Therapie\u00a0<\/strong><\/p>\n<p>M\u00f6chtest du zu deiner urspr\u00fcnglichen Kraft finden? Craniosacral Therapie wirkt bis in die tiefsten Ebenen unseres Seins!<\/p>\n<p><em><u>Was ist Craniosacral Therapie?<br \/>\n<\/u><\/em>Unser Gehirn und R\u00fcckenmark werden vom Sch\u00e4del (Cranium) bis zum Kreuzbein (Sacrum) von der n\u00e4hrenden R\u00fcckenmarksfl\u00fcssigkeit (Liquor) umgeben und gesch\u00fctzt. Die st\u00e4ndige Produktion und Resorption des Liquors ist am ganzen K\u00f6rper als feiner Rhythmus sp\u00fcrbar, wie Herzschlag und Atem. Durch die feinf\u00fchlige und sehr genaue Arbeit am craniosacralen System werden Blockaden wahrgenommen und gel\u00f6st. Es kommt zur Eigenregulation des K\u00f6rpers. Craniosacral Therapie eignet sich f\u00fcr Menschen aller Altersstufen, Babies inbegriffen. Die subtile Arbeit erm\u00f6glicht dem Baby eine tiefe Entspannung, wodurch sich nicht nur strukturelle, sondern auch emotionale Spannungen l\u00f6sen k\u00f6nnen.<\/p>\n<p><em style=\"font-size: 1rem;\"><u>Wann ist Craniosacral Therapie hilfreich?<\/u><\/em><\/p>\n<p><em>Sehnst du dich nach . . . ?<br \/>\n<\/em>tiefer Entspannung, innerer Ruhe und Gelassenheit, physischer und psychischer Ausgeglichenheit, pers\u00f6nlicher Weiterentwicklung, Optimierung deines Energie-Haushaltes, Aufbau innerer Kraftquellen, Zur\u00fcckfinden zur urspr\u00fcnglichen Kraft?<\/p>\n<p>Willst du folgende Beschwerden angehen?<\/p>\n<ul>\n<li>Verspannungen, Unwohlsein, Stress<\/li>\n<li>Emotionale Belastungen<\/li>\n<li>Nackenschmerzen, Migr\u00e4ne, Kopfschmerzen<\/li>\n<li>R\u00fcckenschmerzen, Verdauungsprobleme<br \/>\nM\u00fcdigkeit, Ersch\u00f6pfung, Burn-out<\/li>\n<li>Nervosit\u00e4t, innere Unruhe, Atembeschwerden<\/li>\n<li>\u00dcberg\u00e4nge im Leben wie Schwangerschaft und Wechseljahre<\/li>\n<li>\u00c4ngste, Depression, St\u00f6rungen des vegetativen Nervensystems, Panikattacken<\/li>\n<li>Trauma (Schleudertrauma, alte traumatische Erinnerungen, Geburtstrauma)<\/li>\n<li>Kiefergelenks-, Nasennebenh\u00f6hlen-, Augen- und Ohrenprobleme (Tinnitus)<\/li>\n<li>Schlafst\u00f6rungen und Z\u00e4hneknirschen<\/li>\n<li>Hyperaktivit\u00e4t bei Kindern<\/li>\n<li>Konzentrationsst\u00f6rungen<\/li>\n<li><span style=\"font-size: 1rem;\">Akute und chronische Schmerzen<\/span><\/li>\n<\/ul>\n<p><span style=\"color: #ff9900;\">Im interaktiven &amp; prozessorientierten Geschehen spielt das offene Gespr\u00e4ch eine wichtige Rolle.<\/span><\/p>\n<p><span style=\"color: #ff9900;\">In der K\u00f6rperarbeit achte ich darauf, dass den Botschaften deines K\u00f6rpers eine Stimme gegeben wird.<\/span><\/p>\n<p><span style=\"text-decoration: underline;\"><em>Babybehandlungen<\/em><\/span><\/p>\n<p>Babies und Kinder sprechen sehr gut an auf Craniosacral Therapie. \u00dcber die H\u00e4nde kommuniziert die Therapeutin mit dem Baby und entwickelt einen konkreten, nonverbalen Kontakt. Die subtile Arbeit erm\u00f6glicht dem Baby eine tiefe Entspannung, wodurch sich nicht nur strukturelle, sondern auch emotionale Spannungen l\u00f6sen k\u00f6nnen.<\/p>\n<p><img loading=\"lazy\" decoding=\"async\" class=\"alignnone size-full wp-image-415\" src=\"https:\/\/energyflows.ch\/wp-content\/uploads\/2021\/10\/baby.jpg\" alt=\"\" width=\"120\" height=\"120\" srcset=\"https:\/\/energyflows.ch\/wp-content\/uploads\/2021\/10\/baby.jpg 120w, https:\/\/energyflows.ch\/wp-content\/uploads\/2021\/10\/baby-100x100.jpg 100w\" sizes=\"(max-width: 120px) 100vw, 120px\" \/> <img loading=\"lazy\" decoding=\"async\" class=\"alignnone size-full wp-image-267\" src=\"https:\/\/energyflows.ch\/wp-content\/uploads\/2020\/07\/kissen.jpg\" alt=\"\" width=\"120\" height=\"120\" srcset=\"https:\/\/energyflows.ch\/wp-content\/uploads\/2020\/07\/kissen.jpg 120w, https:\/\/energyflows.ch\/wp-content\/uploads\/2020\/07\/kissen-100x100.jpg 100w\" sizes=\"(max-width: 120px) 100vw, 120px\" \/><\/p>\n<p>Anerkannte Therapeutin von Cranio Suisse\u00ae f\u00fcr Babys und Kinder<\/p>\n<p><img loading=\"lazy\" decoding=\"async\" class=\"alignnone wp-image-391\" src=\"https:\/\/energyflows.ch\/wp-content\/uploads\/2021\/04\/cranio_siegel_cmyk-300x204.jpg\" alt=\"\" width=\"128\" height=\"87\" srcset=\"https:\/\/energyflows.ch\/wp-content\/uploads\/2021\/04\/cranio_siegel_cmyk-300x204.jpg 300w, https:\/\/energyflows.ch\/wp-content\/uploads\/2021\/04\/cranio_siegel_cmyk-768x523.jpg 768w, https:\/\/energyflows.ch\/wp-content\/uploads\/2021\/04\/cranio_siegel_cmyk.jpg 1011w\" sizes=\"(max-width: 128px) 100vw, 128px\" \/><\/p>\n<p>&nbsp;<\/p>\n<p>&nbsp;<\/p>\n<p><strong>Entspannung \/ PMR<\/strong><\/p>\n<p>M\u00f6chtest du zu deinem nat\u00fcrlichen entspannten Zustand zur\u00fcckfinden?<\/p>\n<p><u>Ich arbeite mit folgenden Ans\u00e4tzen:<\/u><\/p>\n<ul>\n<li><a href=\"https:\/\/energyflows.ch\/index.php\/diverses\/\">Entspannungstechnik Progressive Muskelrelaxation (PMR) nach Jacobson<\/a><\/li>\n<li>K\u00f6rperwahrnehmung und Bodyscanning<\/li>\n<li>Lockernde Bewegungs\u00fcbungen \/ sanfte Dehn\u00fcbungen<\/li>\n<li>Atem- und Entspannungs\u00fcbungen<\/li>\n<li>Selbstwahrnehmung und Selbstreflexion<\/li>\n<li>Auseinandersetzung mit \u201eSpannung \u2013 Entspannung\u201c im eigenen Leben.<\/li>\n<li>Ressourcenaufbau und Stressbew\u00e4ltigung<\/li>\n<li>Wahrnehmung der Daseinsebenen K\u00f6rper, Geist und Seele<br \/>\n(K\u00f6rper, Gedanken, Gef\u00fchle)<\/li>\n<\/ul>\n<p><u>Wann ist Entspannung hilfreich?<\/u><u><br \/>\n<\/u>Bei Verspannungen, Stress, M\u00fcdigkeit, Ersch\u00f6pfung, Burnout, Krise, psychosomatischen Beschwerden, vegetativen St\u00f6rungen, Angst, Panikattacken, Depression, chronische Schmerzen, Kopfschmerzen, Migr\u00e4ne, R\u00fcckenschmerzen, Schafst\u00f6rungen, Z\u00e4hneknirschen . . .<\/p>\n<p>Oder sehnst du dich nach Entschleunigung, Tiefenentspannung, Gelassenheit im Leben, Innere Ruhe, Einstieg in Meditation, Pers\u00f6nlichkeitsentwicklung, \u00abFlow-Erlebnisse\u00bb?<\/p>\n<p><strong>K\u00f6rperreisen \/ Gef\u00fchrte Meditationen<\/strong><\/p>\n<p>Barbara Werner liebt es an weiteren K\u00f6rperreisen zu arbeiten, bei welchen sich unsere Daseinsebenen verweben und zu einem Ganzen integrieren k\u00f6nnen. Die CD ist das Grundlagenwerk, welches sich haupts\u00e4chlich mit der K\u00f6rperebene befasst.<\/p>\n<p>Indem wir unsere Daseinsebenen wahrnehmen wie ein Beobachter, entsteht eine innere Distanz zu unserer momentanen Befindlichkeit, die gut tut und ausgleicht. Das Gedankenkarussell ist nur so lange st\u00f6rend, so lange wir uns unbewusst damit identifizieren.<\/p>\n<p><span style=\"color: #ff9900;\">IT`S WORTH GOING ON A LONGER INNER JOURNEY\u00a0 .\u00a0 \u00a0.\u00a0 \u00a0.\u00a0 \u00a0<\/span><\/p>\n<p><img loading=\"lazy\" decoding=\"async\" class=\"alignnone wp-image-270 \" src=\"https:\/\/energyflows.ch\/wp-content\/uploads\/2020\/07\/0m-300x291.png\" alt=\"\" width=\"125\" height=\"121\" srcset=\"https:\/\/energyflows.ch\/wp-content\/uploads\/2020\/07\/0m-300x291.png 300w, https:\/\/energyflows.ch\/wp-content\/uploads\/2020\/07\/0m.png 608w\" sizes=\"(max-width: 125px) 100vw, 125px\" \/>\u00a0 Sanskrit:\u00a0 heilige Silbe Om<\/p>\n<p>&nbsp;<\/p>\n<p><strong><span style=\"color: #ff9900;\"><u>Impulsreferate, Kurzworkshop, Flow-Seminare<br \/>\n<\/u><\/span><span style=\"color: #ff9900;\">\u00abMit Progressiver Muskelrelaxation in den Flow\u00bb (Body &amp; Breath)<br \/>\n<\/span><span style=\"color: #ff9900;\">Gef\u00fchrte Meditationen \/ K\u00f6rperreisen (Body, Mind &amp; Soul)<\/span><\/strong><\/p>\n<p><span style=\"text-decoration: underline;\"><strong><span style=\"color: #ff9900; text-decoration: underline;\">Kurztexte\u00a0<\/span><\/strong><\/span><\/p>\n","protected":false},"excerpt":{"rendered":"<p>\u2022 Craniosacral Therapie ( inkl. Babybehandlungen ) \u2022 Entspannung \/ PMR \u2022 Gef\u00fchrte Meditationen \/ K\u00f6rperreisen \u2022 Impulsreferate \/ Kurztexte Craniosacral Therapie\u00a0 M\u00f6chtest du zu deiner urspr\u00fcnglichen Kraft finden? Craniosacral Therapie wirkt bis in die tiefsten Ebenen unseres Seins! Was ist Craniosacral Therapie? Unser Gehirn und R\u00fcckenmark werden vom Sch\u00e4del (Cranium) bis zum Kreuzbein (Sacrum) &hellip; <\/p>\n<p class=\"link-more\"><a href=\"https:\/\/energyflows.ch\/index.php\/angebot\/\" class=\"more-link\"><span class=\"screen-reader-text\">\u201eAngebot\u201c<\/span> weiterlesen<\/a><\/p>\n","protected":false},"author":1,"featured_media":0,"parent":0,"menu_order":0,"comment_status":"closed","ping_status":"closed","template":"","meta":{"footnotes":""},"class_list":["post-181","page","type-page","status-publish","hentry"],"yoast_head":"<!-- This site is optimized with the Yoast SEO plugin v23.2 - https:\/\/yoast.com\/wordpress\/plugins\/seo\/ -->\n<title>Barbara Werner \u2022 Therapie &amp; Coaching f\u00fcr Bewusstsein \u2022 Craniosacral Therapie<\/title>\n<meta name=\"description\" content=\"Craniosacral Therapie \u2022 Entspannung \u2022 Entspannungsmethode \u2022 Progressive Muskelrelaxation \/ PMR \u2022 Bodyscanning \u2022 Komplement\u00e4rTherapie \u2022 Entspannungs\u00fcbungen \u2022 Entspannungstechnik nach Jacobson \u2022 Entspannungsverfahren \u2022 Progressive Muskelentspannung \u2022 PME \u2022 Shiatsu \u2022 Achtsamkeit auf K\u00f6rperebene \u2022 Energiefluss \u2022 Praxis \u2022 Winterthur \u2022 Blog \u2022 Gesundheitsf\u00f6rderung \u2022 Flow \u2022 Gef\u00fchrte Meditationen \u2022 K\u00f6rperreisen \u2022 Body Scan Meditation \u2022 Bodyscan \u2022\" \/>\n<meta name=\"robots\" content=\"index, follow, max-snippet:-1, max-image-preview:large, max-video-preview:-1\" \/>\n<link rel=\"canonical\" href=\"https:\/\/energyflows.ch\/index.php\/angebot\/\" \/>\n<meta property=\"og:locale\" content=\"de_DE\" \/>\n<meta property=\"og:type\" content=\"article\" \/>\n<meta property=\"og:title\" content=\"Barbara Werner \u2022 Therapie &amp; Coaching f\u00fcr Bewusstsein \u2022 Craniosacral Therapie\" \/>\n<meta property=\"og:description\" content=\"Craniosacral Therapie \u2022 Entspannung \u2022 Entspannungsmethode \u2022 Progressive Muskelrelaxation \/ PMR \u2022 Bodyscanning \u2022 Komplement\u00e4rTherapie \u2022 Entspannungs\u00fcbungen \u2022 Entspannungstechnik nach Jacobson \u2022 Entspannungsverfahren \u2022 Progressive Muskelentspannung \u2022 PME \u2022 Shiatsu \u2022 Achtsamkeit auf K\u00f6rperebene \u2022 Energiefluss \u2022 Praxis \u2022 Winterthur \u2022 Blog \u2022 Gesundheitsf\u00f6rderung \u2022 Flow \u2022 Gef\u00fchrte Meditationen \u2022 K\u00f6rperreisen \u2022 Body Scan Meditation \u2022 Bodyscan \u2022\" \/>\n<meta property=\"og:url\" content=\"https:\/\/energyflows.ch\/index.php\/angebot\/\" \/>\n<meta property=\"og:site_name\" content=\"BARBARA WERNER \/ Craniosacral Therapie &amp; Entspannung &amp; Blog\" \/>\n<meta property=\"article:publisher\" content=\"https:\/\/www.facebook.com\/Maveena119\" \/>\n<meta property=\"article:modified_time\" content=\"2021-10-22T12:24:40+00:00\" \/>\n<meta property=\"og:image\" content=\"https:\/\/energyflows.ch\/wp-content\/uploads\/2021\/04\/cranio_siegel_cmyk-300x204.jpg\" \/>\n<meta name=\"twitter:card\" content=\"summary_large_image\" \/>\n<meta name=\"twitter:label1\" content=\"Gesch\u00e4tzte Lesezeit\" \/>\n\t<meta name=\"twitter:data1\" content=\"3\u00a0Minuten\" \/>\n<script type=\"application\/ld+json\" class=\"yoast-schema-graph\">{\"@context\":\"https:\/\/schema.org\",\"@graph\":[{\"@type\":\"WebPage\",\"@id\":\"https:\/\/energyflows.ch\/index.php\/angebot\/\",\"url\":\"https:\/\/energyflows.ch\/index.php\/angebot\/\",\"name\":\"Barbara Werner \u2022 Therapie & Coaching f\u00fcr Bewusstsein \u2022 Craniosacral Therapie\",\"isPartOf\":{\"@id\":\"https:\/\/energyflows.ch\/#website\"},\"primaryImageOfPage\":{\"@id\":\"https:\/\/energyflows.ch\/index.php\/angebot\/#primaryimage\"},\"image\":{\"@id\":\"https:\/\/energyflows.ch\/index.php\/angebot\/#primaryimage\"},\"thumbnailUrl\":\"https:\/\/energyflows.ch\/wp-content\/uploads\/2021\/04\/cranio_siegel_cmyk-300x204.jpg\",\"datePublished\":\"2020-07-13T11:48:25+00:00\",\"dateModified\":\"2021-10-22T12:24:40+00:00\",\"description\":\"Craniosacral Therapie \u2022 Entspannung \u2022 Entspannungsmethode \u2022 Progressive Muskelrelaxation \/ PMR \u2022 Bodyscanning \u2022 Komplement\u00e4rTherapie \u2022 Entspannungs\u00fcbungen \u2022 Entspannungstechnik nach Jacobson \u2022 Entspannungsverfahren \u2022 Progressive Muskelentspannung \u2022 PME \u2022 Shiatsu \u2022 Achtsamkeit auf K\u00f6rperebene \u2022 Energiefluss \u2022 Praxis \u2022 Winterthur \u2022 Blog \u2022 Gesundheitsf\u00f6rderung \u2022 Flow \u2022 Gef\u00fchrte Meditationen \u2022 K\u00f6rperreisen \u2022 Body Scan Meditation \u2022 Bodyscan \u2022\",\"breadcrumb\":{\"@id\":\"https:\/\/energyflows.ch\/index.php\/angebot\/#breadcrumb\"},\"inLanguage\":\"de\",\"potentialAction\":[{\"@type\":\"ReadAction\",\"target\":[\"https:\/\/energyflows.ch\/index.php\/angebot\/\"]}]},{\"@type\":\"ImageObject\",\"inLanguage\":\"de\",\"@id\":\"https:\/\/energyflows.ch\/index.php\/angebot\/#primaryimage\",\"url\":\"https:\/\/energyflows.ch\/wp-content\/uploads\/2021\/04\/cranio_siegel_cmyk.jpg\",\"contentUrl\":\"https:\/\/energyflows.ch\/wp-content\/uploads\/2021\/04\/cranio_siegel_cmyk.jpg\",\"width\":1011,\"height\":689},{\"@type\":\"BreadcrumbList\",\"@id\":\"https:\/\/energyflows.ch\/index.php\/angebot\/#breadcrumb\",\"itemListElement\":[{\"@type\":\"ListItem\",\"position\":1,\"name\":\"Startseite\",\"item\":\"https:\/\/energyflows.ch\/\"},{\"@type\":\"ListItem\",\"position\":2,\"name\":\"Angebot\"}]},{\"@type\":\"WebSite\",\"@id\":\"https:\/\/energyflows.ch\/#website\",\"url\":\"https:\/\/energyflows.ch\/\",\"name\":\"Barbara Werner Therapie & Coaching f\u00fcr Bewusstsein Referentin \/ Autorin \/ Mensch Craniosacral Therapie\",\"description\":\"Gesundheit, Bewusst-Sein, Nachhaltigkeit, Flow, Zeitgeist\",\"potentialAction\":[{\"@type\":\"SearchAction\",\"target\":{\"@type\":\"EntryPoint\",\"urlTemplate\":\"https:\/\/energyflows.ch\/?s={search_term_string}\"},\"query-input\":\"required name=search_term_string\"}],\"inLanguage\":\"de\"}]}<\/script>\n<!-- \/ Yoast SEO plugin. -->","yoast_head_json":{"title":"Barbara Werner \u2022 Therapie & Coaching f\u00fcr Bewusstsein \u2022 Craniosacral Therapie","description":"Craniosacral Therapie \u2022 Entspannung \u2022 Entspannungsmethode \u2022 Progressive Muskelrelaxation \/ PMR \u2022 Bodyscanning \u2022 Komplement\u00e4rTherapie \u2022 Entspannungs\u00fcbungen \u2022 Entspannungstechnik nach Jacobson \u2022 Entspannungsverfahren \u2022 Progressive Muskelentspannung \u2022 PME \u2022 Shiatsu \u2022 Achtsamkeit auf K\u00f6rperebene \u2022 Energiefluss \u2022 Praxis \u2022 Winterthur \u2022 Blog \u2022 Gesundheitsf\u00f6rderung \u2022 Flow \u2022 Gef\u00fchrte Meditationen \u2022 K\u00f6rperreisen \u2022 Body Scan Meditation \u2022 Bodyscan \u2022","robots":{"index":"index","follow":"follow","max-snippet":"max-snippet:-1","max-image-preview":"max-image-preview:large","max-video-preview":"max-video-preview:-1"},"canonical":"https:\/\/energyflows.ch\/index.php\/angebot\/","og_locale":"de_DE","og_type":"article","og_title":"Barbara Werner \u2022 Therapie & Coaching f\u00fcr Bewusstsein \u2022 Craniosacral Therapie","og_description":"Craniosacral Therapie \u2022 Entspannung \u2022 Entspannungsmethode \u2022 Progressive Muskelrelaxation \/ PMR \u2022 Bodyscanning \u2022 Komplement\u00e4rTherapie \u2022 Entspannungs\u00fcbungen \u2022 Entspannungstechnik nach Jacobson \u2022 Entspannungsverfahren \u2022 Progressive Muskelentspannung \u2022 PME \u2022 Shiatsu \u2022 Achtsamkeit auf K\u00f6rperebene \u2022 Energiefluss \u2022 Praxis \u2022 Winterthur \u2022 Blog \u2022 Gesundheitsf\u00f6rderung \u2022 Flow \u2022 Gef\u00fchrte Meditationen \u2022 K\u00f6rperreisen \u2022 Body Scan Meditation \u2022 Bodyscan \u2022","og_url":"https:\/\/energyflows.ch\/index.php\/angebot\/","og_site_name":"BARBARA WERNER \/ Craniosacral Therapie &amp; Entspannung &amp; Blog","article_publisher":"https:\/\/www.facebook.com\/Maveena119","article_modified_time":"2021-10-22T12:24:40+00:00","og_image":[{"url":"https:\/\/energyflows.ch\/wp-content\/uploads\/2021\/04\/cranio_siegel_cmyk-300x204.jpg"}],"twitter_card":"summary_large_image","twitter_misc":{"Gesch\u00e4tzte Lesezeit":"3\u00a0Minuten"},"schema":{"@context":"https:\/\/schema.org","@graph":[{"@type":"WebPage","@id":"https:\/\/energyflows.ch\/index.php\/angebot\/","url":"https:\/\/energyflows.ch\/index.php\/angebot\/","name":"Barbara Werner \u2022 Therapie & Coaching f\u00fcr Bewusstsein \u2022 Craniosacral Therapie","isPartOf":{"@id":"https:\/\/energyflows.ch\/#website"},"primaryImageOfPage":{"@id":"https:\/\/energyflows.ch\/index.php\/angebot\/#primaryimage"},"image":{"@id":"https:\/\/energyflows.ch\/index.php\/angebot\/#primaryimage"},"thumbnailUrl":"https:\/\/energyflows.ch\/wp-content\/uploads\/2021\/04\/cranio_siegel_cmyk-300x204.jpg","datePublished":"2020-07-13T11:48:25+00:00","dateModified":"2021-10-22T12:24:40+00:00","description":"Craniosacral Therapie \u2022 Entspannung \u2022 Entspannungsmethode \u2022 Progressive Muskelrelaxation \/ PMR \u2022 Bodyscanning \u2022 Komplement\u00e4rTherapie \u2022 Entspannungs\u00fcbungen \u2022 Entspannungstechnik nach Jacobson \u2022 Entspannungsverfahren \u2022 Progressive Muskelentspannung \u2022 PME \u2022 Shiatsu \u2022 Achtsamkeit auf K\u00f6rperebene \u2022 Energiefluss \u2022 Praxis \u2022 Winterthur \u2022 Blog \u2022 Gesundheitsf\u00f6rderung \u2022 Flow \u2022 Gef\u00fchrte Meditationen \u2022 K\u00f6rperreisen \u2022 Body Scan Meditation \u2022 Bodyscan \u2022","breadcrumb":{"@id":"https:\/\/energyflows.ch\/index.php\/angebot\/#breadcrumb"},"inLanguage":"de","potentialAction":[{"@type":"ReadAction","target":["https:\/\/energyflows.ch\/index.php\/angebot\/"]}]},{"@type":"ImageObject","inLanguage":"de","@id":"https:\/\/energyflows.ch\/index.php\/angebot\/#primaryimage","url":"https:\/\/energyflows.ch\/wp-content\/uploads\/2021\/04\/cranio_siegel_cmyk.jpg","contentUrl":"https:\/\/energyflows.ch\/wp-content\/uploads\/2021\/04\/cranio_siegel_cmyk.jpg","width":1011,"height":689},{"@type":"BreadcrumbList","@id":"https:\/\/energyflows.ch\/index.php\/angebot\/#breadcrumb","itemListElement":[{"@type":"ListItem","position":1,"name":"Startseite","item":"https:\/\/energyflows.ch\/"},{"@type":"ListItem","position":2,"name":"Angebot"}]},{"@type":"WebSite","@id":"https:\/\/energyflows.ch\/#website","url":"https:\/\/energyflows.ch\/","name":"Barbara Werner Therapie & Coaching f\u00fcr Bewusstsein Referentin \/ Autorin \/ Mensch Craniosacral Therapie","description":"Gesundheit, Bewusst-Sein, Nachhaltigkeit, Flow, Zeitgeist","potentialAction":[{"@type":"SearchAction","target":{"@type":"EntryPoint","urlTemplate":"https:\/\/energyflows.ch\/?s={search_term_string}"},"query-input":"required name=search_term_string"}],"inLanguage":"de"}]}},"_links":{"self":[{"href":"https:\/\/energyflows.ch\/index.php\/wp-json\/wp\/v2\/pages\/181"}],"collection":[{"href":"https:\/\/energyflows.ch\/index.php\/wp-json\/wp\/v2\/pages"}],"about":[{"href":"https:\/\/energyflows.ch\/index.php\/wp-json\/wp\/v2\/types\/page"}],"author":[{"embeddable":true,"href":"https:\/\/energyflows.ch\/index.php\/wp-json\/wp\/v2\/users\/1"}],"replies":[{"embeddable":true,"href":"https:\/\/energyflows.ch\/index.php\/wp-json\/wp\/v2\/comments?post=181"}],"version-history":[{"count":42,"href":"https:\/\/energyflows.ch\/index.php\/wp-json\/wp\/v2\/pages\/181\/revisions"}],"predecessor-version":[{"id":441,"href":"https:\/\/energyflows.ch\/index.php\/wp-json\/wp\/v2\/pages\/181\/revisions\/441"}],"wp:attachment":[{"href":"https:\/\/energyflows.ch\/index.php\/wp-json\/wp\/v2\/media?parent=181"}],"curies":[{"name":"wp","href":"https:\/\/api.w.org\/{rel}","templated":true}]}}