{"id":144,"date":"2020-07-06T07:10:28","date_gmt":"2020-07-06T07:10:28","guid":{"rendered":"https:\/\/flow.energyflows.ch\/?page_id=144"},"modified":"2020-07-30T09:49:00","modified_gmt":"2020-07-30T09:49:00","slug":"ueber-uns","status":"publish","type":"page","link":"https:\/\/energyflows.ch\/index.php\/ueber-uns\/","title":{"rendered":"\u00dcber uns"},"content":{"rendered":"\r\n<p><strong><img loading=\"lazy\" decoding=\"async\" class=\"wp-image-215 size-medium alignnone\" src=\"https:\/\/energyflows.ch\/wp-content\/uploads\/2020\/07\/Portrait-Innsbruck-3.09.2019-198x300.jpg\" alt=\"\" width=\"198\" height=\"300\" srcset=\"https:\/\/energyflows.ch\/wp-content\/uploads\/2020\/07\/Portrait-Innsbruck-3.09.2019-198x300.jpg 198w, https:\/\/energyflows.ch\/wp-content\/uploads\/2020\/07\/Portrait-Innsbruck-3.09.2019-676x1024.jpg 676w, https:\/\/energyflows.ch\/wp-content\/uploads\/2020\/07\/Portrait-Innsbruck-3.09.2019-768x1163.jpg 768w, https:\/\/energyflows.ch\/wp-content\/uploads\/2020\/07\/Portrait-Innsbruck-3.09.2019-1015x1536.jpg 1015w, https:\/\/energyflows.ch\/wp-content\/uploads\/2020\/07\/Portrait-Innsbruck-3.09.2019-1353x2048.jpg 1353w, https:\/\/energyflows.ch\/wp-content\/uploads\/2020\/07\/Portrait-Innsbruck-3.09.2019-scaled.jpg 1691w\" sizes=\"(max-width: 198px) 100vw, 198px\" \/><\/strong><\/p>\r\n<p><strong>Portrait Barbara Werner<br \/><\/strong><span style=\"font-size: 1rem;\">Matura-Abschluss Typ D in Basel<\/span><strong><br \/><\/strong>Eidg. Diplom FH, Schule f\u00fcr Physiotherapie am Universit\u00e4tsspital Z\u00fcrich<br \/>Zertifikat, Dance Alive am Langen-Institut in K\u00f6ln<br \/>Diplom, Europ\u00e4isches Shiatsu-Institut in Z\u00fcrich<br \/>Diplom, Craniosacral Therapie, Milne Institute Inc. USA<br \/>Eidg. Diplom HFP, Komplement\u00e4rTherapeutin Methode Craniosacral Therapie<\/p>\r\n<p>Eigene Praxis und Seminare seit 1995<br \/>Anerkannte Therapeutin von CranioSuisse\u00ae f\u00fcr Babys und Kinder<br \/>Mitglied <a href=\"http:\/\/www.craniosuisse.ch\/\">www.craniosuisse.ch<\/a><\/p>\r\n<p>Viele Jahre Seminart\u00e4tigkeit zu den Themen R\u00fccken, Entspannung, Energiefluss.<\/p>\r\n<p>Langj\u00e4hrige Auseinandersetzung mit \u00abAtmung \u2013 Entspannung \u2013 Haltung &#8211; Energiefluss\u00bb, Meditationsformen, Bewegungsformen und innerer Achtsamkeit.<\/p>\r\n<p>Intensive fachspezifische Weiterbildung \/ Supervision \/ Intervision<br \/>(mehr als 1000 Stunden)<\/p>\r\n<p>Diverse Training in Meditation und k\u00f6rperorientierter Selbsterfahrung<br \/><br \/>Diverse Lehrg\u00e4nge in Rhetorik, F\u00fchrung und Gespr\u00e4chsf\u00fchrung<br \/><br \/>Sprachen: Deutsch, Englisch, Franz\u00f6sisch<\/p>\r\n<p>Referentin CranioSuisse\u00ae<br \/>Autorin seit 2016<\/p>\r\n","protected":false},"excerpt":{"rendered":"<p>Portrait Barbara WernerMatura-Abschluss Typ D in BaselEidg. Diplom FH, Schule f\u00fcr Physiotherapie am Universit\u00e4tsspital Z\u00fcrichZertifikat, Dance Alive am Langen-Institut in K\u00f6lnDiplom, Europ\u00e4isches Shiatsu-Institut in Z\u00fcrichDiplom, Craniosacral Therapie, Milne Institute Inc. USAEidg. Diplom HFP, Komplement\u00e4rTherapeutin Methode Craniosacral Therapie Eigene Praxis und Seminare seit 1995Anerkannte Therapeutin von CranioSuisse\u00ae f\u00fcr Babys und KinderMitglied www.craniosuisse.ch Viele Jahre Seminart\u00e4tigkeit zu &hellip; <\/p>\n<p class=\"link-more\"><a href=\"https:\/\/energyflows.ch\/index.php\/ueber-uns\/\" class=\"more-link\"><span class=\"screen-reader-text\">\u201e\u00dcber uns\u201c<\/span> weiterlesen<\/a><\/p>\n","protected":false},"author":1,"featured_media":0,"parent":0,"menu_order":0,"comment_status":"closed","ping_status":"closed","template":"","meta":{"footnotes":""},"class_list":["post-144","page","type-page","status-publish","hentry"],"yoast_head":"<!-- This site is optimized with the Yoast SEO plugin v23.2 - https:\/\/yoast.com\/wordpress\/plugins\/seo\/ -->\n<title>Barbara Werner \u2022 Therapie &amp; Coaching f\u00fcr Bewusstsein \u2022 Craniosacral Therapie<\/title>\n<meta name=\"robots\" content=\"index, follow, max-snippet:-1, max-image-preview:large, max-video-preview:-1\" \/>\n<link rel=\"canonical\" href=\"https:\/\/energyflows.ch\/index.php\/ueber-uns\/\" \/>\n<meta property=\"og:locale\" content=\"de_DE\" \/>\n<meta property=\"og:type\" content=\"article\" \/>\n<meta property=\"og:title\" content=\"Barbara Werner \u2022 Therapie &amp; Coaching f\u00fcr Bewusstsein \u2022 Craniosacral Therapie\" \/>\n<meta property=\"og:description\" content=\"Portrait Barbara WernerMatura-Abschluss Typ D in BaselEidg. Diplom FH, Schule f\u00fcr Physiotherapie am Universit\u00e4tsspital Z\u00fcrichZertifikat, Dance Alive am Langen-Institut in K\u00f6lnDiplom, Europ\u00e4isches Shiatsu-Institut in Z\u00fcrichDiplom, Craniosacral Therapie, Milne Institute Inc. USAEidg. Diplom HFP, Komplement\u00e4rTherapeutin Methode Craniosacral Therapie Eigene Praxis und Seminare seit 1995Anerkannte Therapeutin von CranioSuisse\u00ae f\u00fcr Babys und KinderMitglied www.craniosuisse.ch Viele Jahre Seminart\u00e4tigkeit zu &hellip; \u201e\u00dcber uns\u201c weiterlesen\" \/>\n<meta property=\"og:url\" content=\"https:\/\/energyflows.ch\/index.php\/ueber-uns\/\" \/>\n<meta property=\"og:site_name\" content=\"BARBARA WERNER \/ Craniosacral Therapie &amp; Entspannung &amp; Blog\" \/>\n<meta property=\"article:publisher\" content=\"https:\/\/www.facebook.com\/Maveena119\" \/>\n<meta property=\"article:modified_time\" content=\"2020-07-30T09:49:00+00:00\" \/>\n<meta property=\"og:image\" content=\"https:\/\/energyflows.ch\/wp-content\/uploads\/2020\/07\/Portrait-Innsbruck-3.09.2019-198x300.jpg\" \/>\n<meta name=\"twitter:card\" content=\"summary_large_image\" \/>\n<meta name=\"twitter:label1\" content=\"Gesch\u00e4tzte Lesezeit\" \/>\n\t<meta name=\"twitter:data1\" content=\"1\u00a0Minute\" \/>\n<script type=\"application\/ld+json\" class=\"yoast-schema-graph\">{\"@context\":\"https:\/\/schema.org\",\"@graph\":[{\"@type\":\"WebPage\",\"@id\":\"https:\/\/energyflows.ch\/index.php\/ueber-uns\/\",\"url\":\"https:\/\/energyflows.ch\/index.php\/ueber-uns\/\",\"name\":\"Barbara Werner \u2022 Therapie & Coaching f\u00fcr Bewusstsein \u2022 Craniosacral Therapie\",\"isPartOf\":{\"@id\":\"https:\/\/energyflows.ch\/#website\"},\"primaryImageOfPage\":{\"@id\":\"https:\/\/energyflows.ch\/index.php\/ueber-uns\/#primaryimage\"},\"image\":{\"@id\":\"https:\/\/energyflows.ch\/index.php\/ueber-uns\/#primaryimage\"},\"thumbnailUrl\":\"https:\/\/energyflows.ch\/wp-content\/uploads\/2020\/07\/Portrait-Innsbruck-3.09.2019-198x300.jpg\",\"datePublished\":\"2020-07-06T07:10:28+00:00\",\"dateModified\":\"2020-07-30T09:49:00+00:00\",\"breadcrumb\":{\"@id\":\"https:\/\/energyflows.ch\/index.php\/ueber-uns\/#breadcrumb\"},\"inLanguage\":\"de\",\"potentialAction\":[{\"@type\":\"ReadAction\",\"target\":[\"https:\/\/energyflows.ch\/index.php\/ueber-uns\/\"]}]},{\"@type\":\"ImageObject\",\"inLanguage\":\"de\",\"@id\":\"https:\/\/energyflows.ch\/index.php\/ueber-uns\/#primaryimage\",\"url\":\"https:\/\/energyflows.ch\/wp-content\/uploads\/2020\/07\/Portrait-Innsbruck-3.09.2019-scaled.jpg\",\"contentUrl\":\"https:\/\/energyflows.ch\/wp-content\/uploads\/2020\/07\/Portrait-Innsbruck-3.09.2019-scaled.jpg\",\"width\":1691,\"height\":2560},{\"@type\":\"BreadcrumbList\",\"@id\":\"https:\/\/energyflows.ch\/index.php\/ueber-uns\/#breadcrumb\",\"itemListElement\":[{\"@type\":\"ListItem\",\"position\":1,\"name\":\"Startseite\",\"item\":\"https:\/\/energyflows.ch\/\"},{\"@type\":\"ListItem\",\"position\":2,\"name\":\"\u00dcber uns\"}]},{\"@type\":\"WebSite\",\"@id\":\"https:\/\/energyflows.ch\/#website\",\"url\":\"https:\/\/energyflows.ch\/\",\"name\":\"Barbara Werner Therapie & Coaching f\u00fcr Bewusstsein Referentin \/ Autorin \/ Mensch Craniosacral Therapie\",\"description\":\"Gesundheit, Bewusst-Sein, Nachhaltigkeit, Flow, Zeitgeist\",\"potentialAction\":[{\"@type\":\"SearchAction\",\"target\":{\"@type\":\"EntryPoint\",\"urlTemplate\":\"https:\/\/energyflows.ch\/?s={search_term_string}\"},\"query-input\":\"required name=search_term_string\"}],\"inLanguage\":\"de\"}]}<\/script>\n<!-- \/ Yoast SEO plugin. -->","yoast_head_json":{"title":"Barbara Werner \u2022 Therapie & Coaching f\u00fcr Bewusstsein \u2022 Craniosacral Therapie","robots":{"index":"index","follow":"follow","max-snippet":"max-snippet:-1","max-image-preview":"max-image-preview:large","max-video-preview":"max-video-preview:-1"},"canonical":"https:\/\/energyflows.ch\/index.php\/ueber-uns\/","og_locale":"de_DE","og_type":"article","og_title":"Barbara Werner \u2022 Therapie & Coaching f\u00fcr Bewusstsein \u2022 Craniosacral Therapie","og_description":"Portrait Barbara WernerMatura-Abschluss Typ D in BaselEidg. Diplom FH, Schule f\u00fcr Physiotherapie am Universit\u00e4tsspital Z\u00fcrichZertifikat, Dance Alive am Langen-Institut in K\u00f6lnDiplom, Europ\u00e4isches Shiatsu-Institut in Z\u00fcrichDiplom, Craniosacral Therapie, Milne Institute Inc. USAEidg. Diplom HFP, Komplement\u00e4rTherapeutin Methode Craniosacral Therapie Eigene Praxis und Seminare seit 1995Anerkannte Therapeutin von CranioSuisse\u00ae f\u00fcr Babys und KinderMitglied www.craniosuisse.ch Viele Jahre Seminart\u00e4tigkeit zu &hellip; \u201e\u00dcber uns\u201c weiterlesen","og_url":"https:\/\/energyflows.ch\/index.php\/ueber-uns\/","og_site_name":"BARBARA WERNER \/ Craniosacral Therapie &amp; Entspannung &amp; Blog","article_publisher":"https:\/\/www.facebook.com\/Maveena119","article_modified_time":"2020-07-30T09:49:00+00:00","og_image":[{"url":"https:\/\/energyflows.ch\/wp-content\/uploads\/2020\/07\/Portrait-Innsbruck-3.09.2019-198x300.jpg"}],"twitter_card":"summary_large_image","twitter_misc":{"Gesch\u00e4tzte Lesezeit":"1\u00a0Minute"},"schema":{"@context":"https:\/\/schema.org","@graph":[{"@type":"WebPage","@id":"https:\/\/energyflows.ch\/index.php\/ueber-uns\/","url":"https:\/\/energyflows.ch\/index.php\/ueber-uns\/","name":"Barbara Werner \u2022 Therapie & Coaching f\u00fcr Bewusstsein \u2022 Craniosacral Therapie","isPartOf":{"@id":"https:\/\/energyflows.ch\/#website"},"primaryImageOfPage":{"@id":"https:\/\/energyflows.ch\/index.php\/ueber-uns\/#primaryimage"},"image":{"@id":"https:\/\/energyflows.ch\/index.php\/ueber-uns\/#primaryimage"},"thumbnailUrl":"https:\/\/energyflows.ch\/wp-content\/uploads\/2020\/07\/Portrait-Innsbruck-3.09.2019-198x300.jpg","datePublished":"2020-07-06T07:10:28+00:00","dateModified":"2020-07-30T09:49:00+00:00","breadcrumb":{"@id":"https:\/\/energyflows.ch\/index.php\/ueber-uns\/#breadcrumb"},"inLanguage":"de","potentialAction":[{"@type":"ReadAction","target":["https:\/\/energyflows.ch\/index.php\/ueber-uns\/"]}]},{"@type":"ImageObject","inLanguage":"de","@id":"https:\/\/energyflows.ch\/index.php\/ueber-uns\/#primaryimage","url":"https:\/\/energyflows.ch\/wp-content\/uploads\/2020\/07\/Portrait-Innsbruck-3.09.2019-scaled.jpg","contentUrl":"https:\/\/energyflows.ch\/wp-content\/uploads\/2020\/07\/Portrait-Innsbruck-3.09.2019-scaled.jpg","width":1691,"height":2560},{"@type":"BreadcrumbList","@id":"https:\/\/energyflows.ch\/index.php\/ueber-uns\/#breadcrumb","itemListElement":[{"@type":"ListItem","position":1,"name":"Startseite","item":"https:\/\/energyflows.ch\/"},{"@type":"ListItem","position":2,"name":"\u00dcber uns"}]},{"@type":"WebSite","@id":"https:\/\/energyflows.ch\/#website","url":"https:\/\/energyflows.ch\/","name":"Barbara Werner Therapie & Coaching f\u00fcr Bewusstsein Referentin \/ Autorin \/ Mensch Craniosacral Therapie","description":"Gesundheit, Bewusst-Sein, Nachhaltigkeit, Flow, Zeitgeist","potentialAction":[{"@type":"SearchAction","target":{"@type":"EntryPoint","urlTemplate":"https:\/\/energyflows.ch\/?s={search_term_string}"},"query-input":"required name=search_term_string"}],"inLanguage":"de"}]}},"_links":{"self":[{"href":"https:\/\/energyflows.ch\/index.php\/wp-json\/wp\/v2\/pages\/144"}],"collection":[{"href":"https:\/\/energyflows.ch\/index.php\/wp-json\/wp\/v2\/pages"}],"about":[{"href":"https:\/\/energyflows.ch\/index.php\/wp-json\/wp\/v2\/types\/page"}],"author":[{"embeddable":true,"href":"https:\/\/energyflows.ch\/index.php\/wp-json\/wp\/v2\/users\/1"}],"replies":[{"embeddable":true,"href":"https:\/\/energyflows.ch\/index.php\/wp-json\/wp\/v2\/comments?post=144"}],"version-history":[{"count":8,"href":"https:\/\/energyflows.ch\/index.php\/wp-json\/wp\/v2\/pages\/144\/revisions"}],"predecessor-version":[{"id":309,"href":"https:\/\/energyflows.ch\/index.php\/wp-json\/wp\/v2\/pages\/144\/revisions\/309"}],"wp:attachment":[{"href":"https:\/\/energyflows.ch\/index.php\/wp-json\/wp\/v2\/media?parent=144"}],"curies":[{"name":"wp","href":"https:\/\/api.w.org\/{rel}","templated":true}]}}